 j*s + 8. Let p(f) = f - 3. What is p(s)?
1
Let j be 2/(-2*(-2)/4). Let v(x) = 3*x + 7 + x - x**j - 6. Suppose -k = 4, 0 = -58*a + 56*a + 6*k + 32. Determine v(a).
1
Let g(m) be the first derivative of 37*m**2/2 + 414*m - 2028. Give g(-11).
7
Suppose 12 = -6*l + 7*l. Suppose -l*d = -7*d. Let j be 0/((-3)/1 - d - -1). Let z(f) = -f + 8. Determine z(j).
8
Let n = -96 + 98. Let m(w) = -w**3 + 4*w**2 + 6*w - 3. Let r be m(5). Let c(x) = 2 - 5 - x + 0 + 4*x**r - 3*x**n. Determine c(5).
17
Let u(b) = b**3 + 7*b**2 - 7*b - 3. Let o(r) = -2*r**2. Let m = -17 - -23. Suppose m = -2*c + 5*c. Let g be o(c). What is u(g)?
-11
Suppose -5*w - 22 = -7*v + 5*v, -3*v + 3*w + 15 = 0. Let s(j) = 2 + v - 5 + 202*j + j**2 - 199*j + 0. What is s(-5)?
8
Let d(g) = -4*g + 4. Let l(m) = -m**3 - 11*m**2 + 26*m + 7. Let t be l(-13). Let q(v) = 3*v - 3. Let w(r) = t*q(r) + 5*d(r). Calculate w(-8).
-9
Let k be (8/10)/(4/(-60 + 20)). Let o(m) = -7*m - 11. Give o(k).
45
Suppose 270*l = 269*l - 2. Let n be 3*14/7 - (-3 - l). Let r(t) be the third derivative of t**6/120 - t**5/10 - 7*t**4/24 - 5*t**2. What is r(n)?
0
Suppose -3*h + 14 = -h - 2*v, 15 = 3*h - v. Let u(j) = 1157 - 2323 + h*j + 1160. Give u(5).
14
Let u(o) be the third derivative of 1/8*o**4 - 1/120*o**6 - 53*o**2 + 0 + 0*o + 7/60*o**5 - 4/3*o**3. Determine u(7).
13
Let f(u) = u**2 - u - 20. Let g be f(-4). Let l(m) = 5*m - 4 - 2*m - 2*m. Calculate l(g).
-4
Let f(u) = 6*u + 12. Let n = 455 - 458. Let g(o) = -5*o - 12. Let l(z) = n*f(z) - 4*g(z). Determine l(-9).
-6
Let h(r) = -r + 7. Suppose -8*q - 1091 + 1123 = 0. Give h(q).
3
Let f(q) = -188*q - 10487. Let h be f(-56). Let o(x) = -x**3 + 41*x**2 - 2*x + 116. What is o(h)?
34
Let s(v) be the third derivative of 0 + 1/15*v**5 + 0*v + 1/24*v**4 + 1/2*v**3 - 1/120*v**6 + v**2. Let p = 11394 - 11390. Give s(p).
7
Suppose 0 = -17*x + 20*x + v, -2*x - v = 0. Let b(m) = 16*m - 81. Determine b(x).
-81
Suppose 33 + 75 = -3*t. Let y be -5*(6/8)/(45/t). Let x(g) = -y + 3*g + 0 + 10 + 0. Give x(-5).
-8
Let y(a) = 4*a - 59 + 3*a - 8*a - a. Let k(g) = -g - 38. Let p(o) = 8*k(o) - 5*y(o). Calculate p(-7).
-23
Let q(a) be the third derivative of -a**4/24 - a**3/2 + 15*a**2 - 14*a + 3. Determine q(3).
-6
Let u(a) = a**3 + 7*a**2 + 3*a + 7. Suppose 2*m = -6, 2*m - 129 = -3*l - 48. Suppose -l*k + 36*k = -49. Calculate u(k).
-14
Let a(f) = -5*f + 3. Let q(t) = -t**3 - 8*t**2 - 9*t - 9. Let u(o) = -o**2 - 4*o + 5. Let n be u(2). Let i be q(n). Give a(i).
-22
Let h = 3 + 0. Let v(x) = -x + 2. Let g(r) = 11. Let w(i) = 245. Let a(f) = 45*g(f) - 2*w(f). Let y(o) = a(o) - 2*v(o). Determine y(h).
7
Let y(h) = 2*h**2 - 15353*h + h**2 + 7674*h + 32 - 4*h**2 + 7674*h. Determine y(-10).
-18
Let m be 0/((-1 - -4)/(-1 - -2)). Suppose -4*k - 40 = -m*k - 5*w, -20 = 5*w. Let j = -13 - k. Let p(l) = 3*l**2 - 2*l + 2. Determine p(j).
10
Suppose -25*y - 102 = 148. Let i(f) = 6*f + 58. What is i(y)?
-2
Suppose 0 = 11*r + 9*r. Suppose -3*a + 4*n - n = r, a = -4*n + 25. Let f(z) = 5*z - 3. What is f(a)?
22
Suppose 138 - 50 = -3*r + 4*j, -2*j = -4*r - 94. Let n(k) = k**2 + 19*k - 22. Give n(r).
-2
Let u(f) = -6*f**2 + 3*f**3 - 2*f**3 + 359 + 3*f - 730 + 361. Give u(6).
8
Let s(m) = 1 - 2 + 10*m - 15*m + 0. Suppose -3*o - 10 + 1 = 0, 153 = 3*f + 2*o. Let x = 48 - f. Calculate s(x).
24
Let y(q) = q**2 + q. Suppose 6*h - 5*h - 2*i = 8, -i - 2 = 0. What is y(h)?
20
Let c(d) = -5 + 72*d + 63*d + 67*d - 203*d. Calculate c(-6).
1
Let l(f) = f**2 - f - 27. Let p be l(-5). Let q(u) = -4*u**2 + 0*u + 9*u + 4 - u - 5*u. Give q(p).
-23
Suppose -46 = -2*c + 4*p, -3*c - 96*p = -92*p + 11. Let g be 8 - -1*(0 - -1). Let h = c - g. Let o(n) = n**2 - 2*n + 1. Determine o(h).
9
Let o(r) = -r**3 + 6*r**2 - 4*r - 4. Let d(p) = -9*p + 9. Let l = 73 + -72. Let a be d(l). Suppose -6 + 1 = -k + 2*n, -2*n = a. What is o(k)?
1
Let s(j) be the third derivative of -13*j**4/24 + 39*j**3/2 - 572*j**2. Give s(9).
0
Let q(o) = 7*o**3 + 12*o**2 - 8. Let n be -2*((35/2)/(-5) - -4). Let u(j) = j**3 + j**2 - j - 1. Let t(m) = n*q(m) + 6*u(m). Determine t(-5).
7
Let g(q) = 8*q**2 + 2*q + 2. Suppose -210 = -11*a + 4*a. Let y be a/(-12) - 1/(-2). Determine g(y).
30
Let u(g) = 2*g**2 - 14*g - 24. Let z be (-1)/3 - 1406/(-114). What is u(z)?
96
Let k(t) = t - 2. Let f be k(8). Let j(l) = -44*l**3 - 142*l**2 - 196*l + 178. Let o(s) = -5*s**3 - 16*s**2 - 22*s + 20. Let z(m) = 6*j(m) - 53*o(m). Give z(f).
20
Let x(i) be the second derivative of -i**7/840 - i**6/180 + i**5/60 - i**4/8 + 25*i**3/6 - 18*i + 1. Let f(c) be the second derivative of x(c). Give f(2).
-15
Let v(u) = u**2 - 38. Suppose 3*y = x - 4, 24*y - 26*y - 12 = -3*x. Calculate v(y).
-38
Let q(z) = -3*z + 9. Let m(l) = 13*l - 43. Let b(f) = -2*m(f) - 9*q(f). Suppose -2*y - 2*i + 4 + 0 = 0, -4*y - 2*i + 14 = 0. Calculate b(y).
10
Let d(q) be the first derivative of q**3/3 + 8*q**2 + 64*q - 57. Let t(z) be the first derivative of d(z). Calculate t(-11).
-6
Let w = 532 + -532. Suppose 2 = -2*b + 3*b. Let n(o) = b - 4 - o + 3 + 2. Determine n(w).
3
Suppose -1 = -n, 5*v = 29*n - 27*n - 12. Let i(f) = -5*f**3 + 4*f**2 + f + 1. Calculate i(v).
55
Let z(q) = -2*q + 2. Let f be z(0). Let v(g) = 2*g + 35*g**2 + 33*g**2 - 3 + g - 69*g**2. Calculate v(f).
-1
Let x(v) = v**3 + 8*v**2 - 10*v - 6. Suppose 15*b - 8*a + 54 = 13*b, -b = 3*a - 8. Determine x(b).
113
Let t(y) = -y**3 - 2*y**2 + 3*y. Suppose 8*k - 4 = 7*k + 3*q, 3*k - 5 = 2*q. Let a be -2 + (k - 2) + -2. Let s be 2/a - 3*4/(-5). Give t(s).
-10
Let h(f) = 3*f**2 - f - 2. Suppose -2*i - 3*t = -7*i + 1, i + 3 = -t. Let p be h(i). Let d(l) = -7 + 11*l**2 - 10*l**p + l - 8*l. Give d(7).
-7
Let o(g) = -14*g - 5. Let q be o(-5). Suppose -7*m + q = -19. Let z = -10 + m. Let f(w) = -w**3 + 2*w**2 - 2*w + 1. Determine f(z).
-3
Suppose 0 = -6*z + 9*z - 9. Let g = 12 - 9. Let v(h) = -3*h - 2 + 10*h**2 + 0*h**3 + h**g - 2*h**3 - 7*h**2. What is v(z)?
-11
Let n = -26 + 8. Let v be 8/(-18)*-1326*n/(-8). Let g(b) = 1326 - v - 10*b. Calculate g(-1).
10
Let f(y) = -y - 16. Let p = -41 + 36. Let o = p + -4. Let z(x) = -4*x - 63. Let m(g) = o*f(g) + 2*z(g). Determine m(-12).
6
Let g(v) = 10*v - 31. Let k(y) = -9*y + 20. Let w(n) = -6*g(n) - 7*k(n). Determine w(-18).
-8
Let n(p) = p**3 - 5*p**2 - 7*p + 9. Let l be n(6). Let m(v) be the second derivative of 5/2*v**2 + 249*v + 0 - 1/6*v**3. What is m(l)?
2
Suppose 4*i - 2*i = 0. Suppose 0 = -i*x - 4*x - 8. Let o(k) = -14*k**2 - 9 + 16*k**2 + k + 26 - 16. What is o(x)?
7
Let q(g) be the third derivative of g**5/60 - g**4/6 + 2*g**3/3 + 6*g**2. Suppose -3*h - 11*h = -70. Give q(h).
9
Suppose 53*n - 49*n = 49*n - 855. Let j(g) = 11*g - 202. Calculate j(n).
7
Let y(a) be the third derivative of a**5/20 - a**4/3 + a**3/2 - 5805*a**2. What is y(3)?
6
Let r(g) = g + 2. Let o be r(-1). Let u = o + 2. Let x(k) = 8 + 5 - 4 - u - 2*k. What is x(7)?
-8
Let c(k) = -30*k - 8 + 106*k - 40*k - 31*k. What is c(5)?
17
Let n(o) be the second derivative of 0*o**2 + 1/3*o**3 + 9*o - 7/12*o**4 - 4. Calculate n(2).
-24
Let i be 7/(49/21)*(1 - 0). Let y be 10 - (2 + i + -3). Let m(w) = 3*w - 8. Give m(y).
16
Let d(l) = l**3 - 11*l**2 + 17*l - 190. Let g be ((-16)/(-3) - -2)/((-1107)/(-81) - 13). Calculate d(g).
-3
Let w(g) = g**3 + 13*g**2 + 29*g + 72. Let d be w(-11). Let l(v) = 15*v - 8. Give l(d).
-83
Let o(f) = 2*f - 5. Let d = -11 + 13. Suppose 32 = d*k - t - 2*t, 0 = 5*k - 3*t - 62. Suppose 0*z = 2*z + k. Give o(z).
-15
Let z(x) = -x**2 + 7*x - 4. Suppose -5*b + h + 18 = 0, -164*h = -159*h - 10. Determine z(b).
8
Suppose 38*n + 21*n = 11*n + 480. Let u(f) = -f**3 + 9*f**2 + 10*f - 17. Determine u(n).
-17
Suppose -4*o = -17 + 9. Suppose 7*v = o*v + 15. Suppose -h - 3*c - v = -1, -2*c = 5*h - 3. Let b(x) = 3*x - 1. Determine b(h).
2
Let q(j) = -j**3 - 18*j**2 - 22*j - 24. Suppose 5*a - 3*w = -79, 5*w + 20 = a + 27. Determine q(a).
61
Let l(n) be the first derivative of -n**3/3 + 9*n**2/2 + 23*n - 618. Determine l(7).
37
Let m(o) = -o**2 - 2*o + 1. Let u(p) = 5*p**2 + p - 19. Let n(h) = 2*m(h) + u(h). What is n(5)?
43
Suppose 188*t - 189*t = -5. Let g(h) be the third derivative of 1/120*h**6 + 0 - 1/15*h**t + 12*h**2 - 5/24*h**4 + 0*h - h**3. Calculate g(5).
-6
Let x(s) = s**3 + 2*s**2 - 16. Let v = 1187 + -1187. Determine x(v)